6 = 33*c. Give h(c).
7
Let p(i) be the second derivative of -5/6*i**3 + 7*i + 1/12*i**4 - i**2 + 0 + 1/20*i**5. Determine p(-3).
-5
Suppose 14*c = -14 - 0. Let k(w) = -20*w**2 + w + 1. Calculate k(c).
-20
Let j(c) = c**2 + 927*c - 5 - 927*c - 8. Determine j(0).
-13
Let r(h) = -2*h - 4. Let g = -467 + 474. Let p(q) = 1 + 4*q**2 + 0*q**3 + 6*q - q**3 + 2*q**2. Let b be p(g). What is r(b)?
8
Let v(q) be the first derivative of q**3/3 - 5*q**2/2 - 3*q - 179. Calculate v(6).
3
Suppose 87*c = 95*c + 128. Let n(u) = u**3 + 17*u**2 + 19*u + 24. Give n(c).
-24
Let l be (12/(-21))/(10/(-70)). Let b(h) be the third derivative of 0*h + 0 + 1/24*h**l - 5*h**2 - 7/6*h**3. Calculate b(0).
-7
Let l(j) = -3*j**3 + 9*j**2 - j - 1. Let p(b) = 17*b**3 - 47*b**2 + 6*b + 3. Let z(f) = -11*l(f) - 2*p(f). What is z(-5)?
10
Let u(f) be the third derivative of -f**7/1260 - 7*f**5/60 - 12*f**2 + f. Let p(v) be the third derivative of u(v). Give p(1).
-4
Let v(d) = -d + 1. Let k(q) = 3*q - 17. Let h(u) = k(u) + 2*v(u). What is h(9)?
-6
Let n(f) = 1 + 212*f + 0*f**3 - 8*f**2 - 91*f - 114*f + f**3. Give n(7).
1
Let f(g) = -2*g + 6*g**2 + 2*g**2 + 2 + 1 - g - 2*g**2. What is f(3)?
48
Let w be 27*((-12)/(-20) + 56/(-60)). Let d(y) = 3*y**2 + 11*y + 9. Let q(l) = 7*l**2 + 22*l + 17. Let v(p) = 5*d(p) - 2*q(p). Give v(w).
-7
Let d(l) be the third derivative of -l**6/120 - l**5/30 - l**4/8 + 4*l**2. Let z be d(-2). Let u(x) = -x**3 + 6*x**2 - 2*x - 6. What is u(z)?
-18
Let w = 59 + -66. Let p(a) = -3*a**2 + 24*a - 15. Let u(t) = -2*t**2 + 13*t - 8. Let f(b) = 3*p(b) - 5*u(b). What is f(w)?
-5
Let r(j) = 0*j**3 - 2*j**2 + j**3 - 9 + j**2 + 3*j - 8*j**2. Let t be r(9). Suppose -4*z = -6 - t. Let m(v) = 2*v - 6. What is m(z)?
6
Let g(z) = -z**3 - 3*z**2 + 5*z + 2. Suppose 5*v + 23*v + 84 = 0. Give g(v).
-13
Let h(d) = -4*d + 3. Let p(f) = 3*f**3 - 2*f**2 + 1. Suppose 0 = -23*c + 19*c + 4. Let t be p(c). What is h(t)?
-5
Let n(o) = 139*o + 8*o**2 - 1 + 3*o**3 + 0 - 148*o - 1 - 2*o**3. Give n(-9).
-2
Let y be 1/(-1)*(8 - 7)*7. Let s(o) = o**3 - 8*o**2 - o + 10. Let b be s(8). Let f(z) = -12 + 0 - b*z - 2 + z. What is f(y)?
-7
Let q(s) be the first derivative of -s**4/4 - 10*s**3/3 + 5*s + 62. What is q(-10)?
5
Let r be ((-10 - -5) + 6)*2. Let u(d) = -6*d**3 + 3*d**2 - 3*d + 2. Give u(r).
-40
Let y(a) = -a**2 - 5*a + 10. Let j be y(-7). Let d(l) = -5*l**3 + 7*l**2 + 8*l + 1. Let t(v) = v**3 - v**2 - v. Let m(q) = j*t(q) - d(q). What is m(3)?
-13
Let u(q) = -5*q**3 - 8*q**2 - 11*q + 8. Let x(j) = -2*j**3 - j**2 - j + 1. Let k(c) = -u(c) + 3*x(c). Give k(6).
7
Suppose -5*n - 7*p + 10 = -3*p, -4*n = 5*p - 8. Let x(q) = 4 - 7*q**n + q**3 + 9*q - 1 + 3 - 3*q. Calculate x(6).
6
Let p = 353 - 350. Let y be 22/8 + 1/4. Let l(d) = 3*d - 8. Let a(i) = -3*i + 7. Let u(v) = y*l(v) + 4*a(v). Calculate u(p).
-5
Let n be 40/(-30)*(-18)/(-4). Let g be n/9*9/6. Let b(w) = 0*w - 26*w**3 + 0*w**2 - w**2 + 25*w**3 - w. Determine b(g).
1
Let m be (-2)/(1 + -2 + 0). Suppose 5*g + m = 17. Let c(k) be the third derivative of -k**6/120 + k**5/20 - k**4/12 + 2*k**3/3 - k**2. Calculate c(g).
-2
Let j = -1770 + 1774. Let w(v) = -7*v + 22. What is w(j)?
-6
Let v(m) be the first derivative of 5*m**2/2 - 13*m - 197. What is v(3)?
2
Let g(h) = -68*h - h**2 - 6 + 21*h + 37*h. Let c be g(-9). Let t(w) = 8*w**2 - 16*w**2 + 0*w - 1 + 3*w + w**3 + 5*w**2. Calculate t(c).
8
Let r(w) be the second derivative of 1/12*w**4 + 35*w - 1/6*w**3 - 2*w**2 + 0. Give r(0).
-4
Let b(w) = -w**2 + 2*w - 1. Let h(k) = 0 - k - k**2 - 2*k + 5. Let z be h(-4). Suppose -2*p - z + 3 = 4*g, 2 = -2*g. Determine b(p).
-4
Let o(r) = -r**3 + 3*r**2 - r + 2. Let x(g) = g - 13. Let c = 37 - 24. Let n be x(c). Suppose -y = 2*t - n*t + 7, 4*y = -2*t + 2. What is o(y)?
-1
Let p(v) = -2 + 12 - 5*v - 6 + 0 + v**2. Give p(4).
0
Let k(z) = -2 + 7*z**2 - 2*z**3 + z**3 + 6*z**2 - 11*z**2. Let q = -44 - -47. Determine k(q).
-11
Let u(y) = -134*y - 4 + 413*y - 141*y - 139*y. What is u(-6)?
2
Suppose 15 = 5*i - 0*i. Suppose i*m = -4*a + 5 - 2, 3*a - 15 = 2*m. Let y(t) = -5*t - t**a + 8*t - 7*t**2 + t**2 + 4*t - 2. Give y(-7).
-2
Let y(d) = d**2 - 16034*d + 16040*d - 2*d**2 + 3. What is y(6)?
3
Let s(r) be the second derivative of -5/6*r**3 + 0 + 1/2*r**4 - 1/2*r**2 - 18*r - 1/20*r**5. Suppose 6*o - 20 = o. Give s(o).
11
Let c = 97 + -97. Let r(l) = l**2 + l - 14. Determine r(c).
-14
Let c(m) = m + 14. Let b be c(-11). Suppose -3 + 0 = b*y. Let j(f) = -2*f - 1. Give j(y).
1
Let m be (2/(-4))/((-9)/(-90)). Let n be (-4 - (-2 - 0))/(-1). Let c(x) = -4*x + 1 - x**2 + 2 - n. What is c(m)?
-4
Let h(b) be the third derivative of -b**6/120 + b**5/15 + b**4/4 - 31*b**2. Determine h(5).
5
Let i(d) = -4 - 5*d + 4*d + 0 + 3*d + 0*d. Determine i(7).
10
Suppose -5*x = 6 + 14. Suppose -5*j + 15 = -0*j. Let s(i) = i + 1 - j*i - 3. Determine s(x).
6
Let q(h) be the third derivative of -h**5/30 - h**4/6 + h**3/6 + 176*h**2 + 2. Determine q(3).
-29
Let r(j) = -1 + 3 - 1. Suppose -2*l + 2*b = -0*l - 4, -4*b = -2*l + 6. Let u(t) = -t - 13. Let c(v) = l*u(v) + 2*r(v). What is c(-5)?
-6
Let t be 4 + -1 + 2 - 3. Suppose 3*y + 3*n + n + 14 = 0, 2*y + n + 1 = 0. Let c(m) = 1 + 5*m + y - 2 - 3*m. Determine c(t).
5
Let j(w) be the third derivative of 0 + 5/3*w**3 - 1/120*w**6 + 0*w + 7/60*w**5 + 27*w**2 - 1/24*w**4. What is j(7)?
3
Let z = 13 - 10. Let p(r) = 2*r - 2*r - 5*r - 4*r**2 - 4 + 1 + r**z. Determine p(4).
-23
Let w be ((-3)/(-1))/((-3)/8). Let b(s) = 74*s. Let q(n) = 21*n. Let m(k) = 2*b(k) - 7*q(k). What is m(w)?
-8
Suppose 34*a = -38 - 30. Let f(k) = 6*k**2 - k + 2. Calculate f(a).
28
Let j = 1 + -5. Let y(i) = -i**2. Let m(q) = -4*q**2 - q + 1. Let b(z) = j*y(z) - m(z). Let x be (-88)/(-99) - (-2)/18. Calculate b(x).
8
Let v(z) = 12 - 11 - 1294*z + 1344*z. What is v(-1)?
-49
Let l(x) be the first derivative of -3*x**2 + 4*x - 138. Determine l(-5).
34
Let o(a) be the first derivative of -a**2 - 9*a - 3. Calculate o(-4).
-1
Let j(p) = -4*p - 4. Let x = 18 - 19. Let y be (x/2)/(1/14) - -2. Calculate j(y).
16
Let r(y) be the second derivative of y**5/20 + y**4/3 - 2*y**3/3 + 744*y + 1. Let f be -5 + 0/(1/(-1)). Calculate r(f).
-5
Let f(v) = 28*v**2 + 297 - 297 - v. What is f(-1)?
29
Let f(a) be the second derivative of -3*a**4/4 - a**3/2 - a**2 + 31*a + 3. Determine f(-2).
-32
Suppose -i = 4*i + 15. Let p(a) = -195*a**3 - 3*a**2 + 76 + 194*a**3 - 2*a - 42 - 37. Determine p(i).
3
Let m(l) = -l**3 - 11*l**2 - 10*l - 2. Suppose -2*d = 4*k + 42, 2*k + 80 = -4*d + 56. Determine m(k).
-2
Suppose 42 = -k - 5*k. Let z(s) be the first derivative of -8/3*s**3 - 1/4*s**4 - 3 + 8*s - 3*s**2. Determine z(k).
1
Let b(c) = 4*c**2 - 2*c**2 - c + 0*c - c**3 - 4*c**2. Determine b(-2).
2
Let z(d) = -d**3 - 11*d**2 - 6*d + 1. Let i(l) = l**3 + 10*l**2 + 6*l. Let o(k) = k**2 - 4*k - 11. Let w be o(5). Let j(t) = w*z(t) - 7*i(t). Calculate j(-4).
18
Let n(v) = -v**3 - v**2 - 7. Let f(g) = -51*g + 91*g - 42*g + 22. Let u be f(11). What is n(u)?
-7
Let b(a) = a**2 - 15*a + 5. Suppose -q = 5*p - 72, p + 2*q - 12 = -3. Determine b(p).
5
Let l(r) = -12*r - 1. Suppose -60*v = -61*v - 1. What is l(v)?
11
Let f(x) be the second derivative of -x**3/6 + x**2 + 2*x + 16. Determine f(-3).
5
Let z(c) be the third derivative of -c**4/24 - c**3/2 - 12*c**2. Let p be -1 + (-3 - -4 - -2). Let g be 4/(-20) + p/10. Calculate z(g).
-3
Let h(y) = 2*y. Let l(u) = -u**3 - 7*u**2 - 12*u - 5. Let w be l(-5). Suppose 3*p + w + 7 = 0. Give h(p).
-8
Let j = 2902 + -2908. Let o(s) = -2*s**2 - s - 5. What is o(j)?
-71
Suppose -4*l - 4*c = -c - 26, 0 = 5*l + 2*c - 29. Let v(d) = -d - 3. Calculate v(l).
-8
Let c(a) = -4*a + 5*a + 2224 - 2218. Give c(-6).
0
Let x(c) = c**3 - 5*c**2 - c - 2. Let f be (59/(-472))/((-2)/48). Give x(f).
-23
Let u(k) = k**3 + 4*k + 1 + k - 86*k**2 + 90*k**2 + 0*k + 3. Calculate u(-4).
-16
Let x(w) = 2*w**2 + 11*w + 12. Let y(b) = -b - 3. Let o(f) = -x(f) - 3*y(f). Give o(-5).
-13
Suppose 0 = -2*f - f - 4*b + 26, -5*f + 2*b = -52. Let u(d) = d**3 - 9*d**2 - 13*d + 12. Give u(f).
-18
Let g be ((-4)/12)/((-2)/36). Suppose -34 = -2*h + 5*l, -5*l + 8 = -2*h + g*h. Let w(t) = -t**2 + 8*t - 5. Give w(h).
2
Let j be (-1)/((-37)/9 - -4). Let s be (1/3)/(1/j). Suppose -12 = s*m - 6*m. Let y(h) = h + 1. Give 